1388095?
False
Does 375 divide 34516465?
False
Is 833196 a multiple of 294?
True
Is 200158 a multiple of 406?
True
Is 5 a factor of 616346?
False
Is 13057324 a multiple of 6?
False
Is 49 a factor of 364799?
False
Is 9984441 a multiple of 179?
True
Does 17 divide 2001761?
False
Is 627802 a multiple of 14?
True
Does 333 divide 600795?
False
Is 24 a factor of 903467?
False
Is 38 a factor of 560006?
True
Does 189 divide 12356442?
True
Is 491 a factor of 1914409?
True
Does 24 divide 39252?
False
Does 32 divide 314048?
True
Does 865 divide 1303369?
False
Is 5379188 a multiple of 19?
False
Does 11 divide 1396846?
True
Is 355914 a multiple of 18?
True
Is 5320901 a multiple of 821?
True
Is 42 a factor of 1302?
True
Is 374 a factor of 478346?
True
Is 45309 a multiple of 78?
False
Does 14 divide 56913?
False
Is 8 a factor of 8505416?
True
Is 30192 a multiple of 37?
True
Is 28 a factor of 167776?
True
Is 3556056 a multiple of 168?
True
Does 474 divide 165900?
True
Does 38 divide 1067844?
False
Is 2 a factor of 11479?
False
Is 498 a factor of 284358?
True
Is 2663672 a multiple of 88?
True
Is 531674 a multiple of 26?
True
Is 23 a factor of 18646905?
True
Does 23 divide 1031918?
True
Does 117 divide 1907555?
False
Is 31 a factor of 3600162?
False
Does 9 divide 3311694?
True
Does 8 divide 756776?
True
Is 4 a factor of 22999?
False
Is 21 a factor of 13041?
True
Does 26 divide 41184?
True
Is 40 a factor of 2760?
True
Does 30 divide 654930?
True
Is 4 a factor of 52980?
True
Is 5905320 a multiple of 20?
True
Does 69 divide 1566209?
False
Is 33208 a multiple of 14?
True
Does 7 divide 315567?
True
Is 484 a factor of 1176607?
False
Does 113 divide 637546?
True
Is 390 a factor of 651690?
True
Is 7980 a multiple of 19?
True
Is 98912 a multiple of 352?
True
Is 1645211 a multiple of 66?
False
Is 79207 a multiple of 103?
True
Does 138 divide 1837230?
False
Does 7 divide 1359001?
True
Is 407 a factor of 944690?
False
Does 10 divide 164167?
False
Is 123 a factor of 381792?
True
Is 384 a factor of 303744?
True
Is 37 a factor of 4244455?
True
Does 108 divide 71172?
True
Does 15 divide 5913421?
False
Does 6 divide 188760?
True
Is 970431 a multiple of 8?
False
Is 199 a factor of 47276?
False
Is 27 a factor of 4099958?
False
Does 281 divide 1509629?
False
Is 1938 a multiple of 38?
True
Is 33 a factor of 277200?
True
Is 1060590 a multiple of 20?
False
Is 5 a factor of 9640?
True
Does 47 divide 9425166?
False
Is 248 a factor of 897560?
False
Is 5 a factor of 219714?
False
Does 22 divide 621060?
True
Is 13 a factor of 2958917?
True
Is 55480 a multiple of 5?
True
Does 25 divide 1039538?
False
Does 135 divide 12960?
True
Does 24 divide 1437789?
False
Is 9345691 a multiple of 18?
False
Is 7293599 a multiple of 507?
False
Is 529 a factor of 431664?
True
Is 32 a factor of 143869?
False
Does 118 divide 1252452?
True
Is 60 a factor of 560400?
True
Is 14 a factor of 1757964?
False
Does 112 divide 270020?
False
Is 175 a factor of 9041483?
False
Does 133 divide 46018?
True
Is 439 a factor of 320470?
True
Is 4 a factor of 523195?
False
Is 3714698 a multiple of 27?
False
Is 1010230 a multiple of 70?
False
Is 2611213 a multiple of 23?
True
Is 40 a factor of 285674?
False
Is 69 a factor of 614238?
True
Is 274848 a multiple of 168?
True
Is 185718 a multiple of 6?
True
Does 5 divide 311573?
False
Is 24 a factor of 103656?
True
Does 9 divide 459?
True
Is 2184560 a multiple of 47?
True
Is 722336 a multiple of 510?
False
Is 721 a factor of 947819?
False
Does 173 divide 6453419?
True
Is 975349 a multiple of 2?
False
Does 447 divide 330253?
False
Is 439 a factor of 241450?
True
Is 21 a factor of 1928031?
True
Is 11203 a multiple of 5?
False
Is 341 a factor of 7750589?
True
Does 7 divide 6283410?
True
Is 30 a factor of 1666778?
False
Does 32 divide 2643?
False
Is 85 a factor of 1130803?
False
Is 1566304 a multiple of 8?
True
Is 118 a factor of 10841207?
False
Is 251505 a multiple of 729?
True
Is 21 a factor of 1653647?
False
Does 12 divide 291492?
True
Does 192 divide 391872?
True
Is 932 a factor of 4191204?
True
Does 399 divide 4597677?
True
Is 19772255 a multiple of 19?
True
Is 1174 a factor of 9773550?
True
Is 12821248 a multiple of 11?
True
Is 92700 a multiple of 8?
False
Is 4119984 a multiple of 102?
True
Is 33 a factor of 1122?
True
Is 5024224 a multiple of 308?
False
Is 3 a factor of 444114?
True
Is 14 a factor of 4888716?
True
Is 28 a factor of 947464?
True
Does 29 divide 296003?
True
Does 35 divide 18291125?
False
Is 37 a factor of 94276?
True
Is 763 a factor of 503817?
False
Is 31 a factor of 288532?
False
Is 258893 a multiple of 14?
False
Is 6268324 a multiple of 29?
False
Is 5056812 a multiple of 36?
True
Does 29 divide 1906431?
True
Does 90 divide 81810?
True
Does 12 divide 464052?
True
Is 76 a factor of 9736?
False
Does 6 divide 68144?
False
Does 8 divide 911735?
False
Is 642816 a multiple of 256?
True
Is 29 a factor of 421834?
True
Does 62 divide 6530451?
False
Is 477 a factor of 1722559?
False
Is 45355 a multiple of 24?
False
Does 86 divide 13491164?
True
Is 1236379 a multiple of 43?
True
Is 200548 even?
True
Does 23 divide 9687074?
False
Is 4721868 a multiple of 31?
False
Is 15 a factor of 6670620?
True
Is 30 a factor of 533448?
False
Is 2433078 a multiple of 1242?
True
Is 36437 a multiple of 83?
True
Does 5 divide 1803?
False
Does 19 divide 101673?
False
Is 517890 a multiple of 427?
False
Is 4 a factor of 9232?
True
Is 174 a factor of 419208?
False
Is 497 a factor of 581490?
True
Is 2960776 a multiple of 13?
True
Does 834 divide 9313278?
True
Does 43 divide 1599548?
False
Does 170 divide 143152?
False
Does 363 divide 318928?
False
Does 95 divide 72384?
False
Does 35 divide 34185?
False
Does 31 divide 2902975?
False
Does 76 divide 1391180?
True
Does 19 divide 1681564?
False
Does 5 divide 1322312?
False
Does 16 divide 414128?
True
Does 228 divide 1041089?
False
Is 26 a factor of 942700?
False
Is 298531 a multiple of 218?
False
Is 3 a factor of 5607957?
True
Is 323 a factor of 1303913?
False
Is 37784 a multiple of 7?
False
Is 26 a factor of 2337?
False
Is 2650 a multiple of 2?
True
Does 11 divide 105130?
False
Is 141 a factor of 678633?
True
Does 393 divide 580854?
True
Does 41 divide 2815839?
True
Is 283 a factor of 227063?
False
Is 290 a factor of 12399240?
True
Does 65 divide 1556490?
True
Is 27 a factor of 65362?
False
Is 2887053 a multiple of 170?
False
Is 30 a factor of 10083639?
False
Does 463 divide 494021?
True
Does 84 divide 190895?
False
Is 193950 a multiple of 9?
True
Does 9 divide 351918?
True
Is 1733648 a multiple of 161?
True
Is 197 a factor of 189120?
True
Is 138 a factor of 137316?
False
Is 1376730 a multiple of 12?
False
Is 148 a factor of 383462?
False
Is 524160 a multiple of 60?
True
Is 769 a factor of 5046925?
False
Does 116 divide 3727080?
True
Is 681800 a multiple of 50?
True
Is 76 a factor of 40698?
False
Is 689093 a multiple of 13?
False
Is 13 a factor of 74971?
True
Is 302830 a multiple of 110?
True
Does 83 divide 3886734?
False
Is 1004588 a multiple of 13?
True
Is 34460 a multiple of 5?
True
Is 72 a factor of 134064?
True
Is 539 a factor of 7627288?
False
Is 19 a factor of 6220201?
True
Is 266 a factor of 312816?
True
Is 127071 a multiple of 40?
False
Is 13 a factor of 13451108?
False
Is 106110 a multiple of 18?
True
Does 8 divide 9981585?
False
Does 3 divide 36288?
True
Does 43 divide 955546?
True
Is 89 a factor of 34841?
False
Is 378785 a multiple of 11?
True
Is 20566622 a multiple of 2256?
False
Is 707 a factor of 271984?
False
Does 136 divide 4128960?
True
Is 127721 a multiple of 5?
False
Does 13 divide 16237?
True
Is 35 a factor of 101390?
False
Is 16 a factor of 380656?
True
Does 6 divide 83859?
False
Is 4857255 a multiple of 95?
True
Is 16 a factor of 2881057?
False
Is 213774 a multiple of 123?
True
Is 1306280 a multiple of 68?
True
Is 216736 a multiple of 1042?
True
Is 42 a factor of 75642?
True
Is 13 a factor of 1254368?
False
Does 60 divide 45335?
False
Is 62 a factor of 409386?
True
Does 2 divide 212336?
True
Is 60 a factor of 1767780?
True
Does 10 divide 156485?
False
Does 108 divide 111132?
True
Does 74 divide 1122261?
False
Is 9683943 a multiple of 226?
False
Is 191053 a multiple of 193?
False
Does 10 divide 3487880?
True
Does 21 divide 48420